{"id":147,"date":"2020-08-22T20:21:29","date_gmt":"2020-08-22T18:21:29","guid":{"rendered":"https:\/\/weingutsommer.moerbisch.net\/?post_type=product&#038;p=147"},"modified":"2026-01-02T07:56:50","modified_gmt":"2026-01-02T06:56:50","slug":"blaufraenkisch-rose-trocken","status":"publish","type":"product","link":"https:\/\/www.weingutsommer.at\/?product=blaufraenkisch-rose-trocken","title":{"rendered":"Blaufr\u00e4nkisch Ros\u00e9 (trocken)"},"content":{"rendered":"","protected":false},"excerpt":{"rendered":"<p>Dezente Waldbeere und milde Zitrusnoten.<\/p>\n<p>Sch\u00f6nes S\u00e4ureger\u00fcst.<\/p>\n","protected":false},"featured_media":148,"template":"","meta":[],"product_cat":[17,24],"product_tag":[],"jetpack_sharing_enabled":true,"_links":{"self":[{"href":"https:\/\/www.weingutsommer.at\/index.php?rest_route=\/wp\/v2\/product\/147"}],"collection":[{"href":"https:\/\/www.weingutsommer.at\/index.php?rest_route=\/wp\/v2\/product"}],"about":[{"href":"https:\/\/www.weingutsommer.at\/index.php?rest_route=\/wp\/v2\/types\/product"}],"wp:featuredmedia":[{"embeddable":true,"href":"https:\/\/www.weingutsommer.at\/index.php?rest_route=\/wp\/v2\/media\/148"}],"wp:attachment":[{"href":"https:\/\/www.weingutsommer.at\/index.php?rest_route=%2Fwp%2Fv2%2Fmedia&parent=147"}],"wp:term":[{"taxonomy":"product_cat","embeddable":true,"href":"https:\/\/www.weingutsommer.at\/index.php?rest_route=%2Fwp%2Fv2%2Fproduct_cat&post=147"},{"taxonomy":"product_tag","embeddable":true,"href":"https:\/\/www.weingutsommer.at\/index.php?rest_route=%2Fwp%2Fv2%2Fproduct_tag&post=147"}],"curies":[{"name":"wp","href":"https:\/\/api.w.org\/{rel}","templated":true}]}}

Blaufränkisch Rosé (trocken)

<p>Dezente Waldbeere und milde Zitrusnoten.</p>
<p>Schönes Säuregerüst.</p>
