{"id":189,"date":"2020-08-25T18:50:48","date_gmt":"2020-08-25T16:50:48","guid":{"rendered":"https:\/\/weingutsommer.moerbisch.net\/?page_id=189"},"modified":"2023-11-26T09:31:00","modified_gmt":"2023-11-26T08:31:00","slug":"kontakt-seite","status":"publish","type":"page","link":"https:\/\/www.weingutsommer.at\/?page_id=189","title":{"rendered":"Kontakt"},"content":{"rendered":"\n<div class=\"wp-block-columns are-vertically-aligned-center is-layout-flex wp-container-core-columns-layout-1 wp-block-columns-is-layout-flex\">\n<div class=\"wp-block-column is-vertically-aligned-center is-layout-flow wp-block-column-is-layout-flow\" style=\"flex-basis:66.66%\"><div class=\"wp-block-image is-style-default\">\n<figure class=\"aligncenter size-large\"><img loading=\"lazy\" decoding=\"async\" width=\"1024\" height=\"732\" src=\"https:\/\/www.weingutsommer.at\/wp-content\/uploads\/2020\/08\/haus_bearb2-1024x732.jpg\" alt=\"\" class=\"wp-image-102\" srcset=\"https:\/\/www.weingutsommer.at\/wp-content\/uploads\/2020\/08\/haus_bearb2-1024x732.jpg 1024w, https:\/\/www.weingutsommer.at\/wp-content\/uploads\/2020\/08\/haus_bearb2-scaled-300x214.jpg 300w, https:\/\/www.weingutsommer.at\/wp-content\/uploads\/2020\/08\/haus_bearb2-768x549.jpg 768w, https:\/\/www.weingutsommer.at\/wp-content\/uploads\/2020\/08\/haus_bearb2-1536x1097.jpg 1536w, https:\/\/www.weingutsommer.at\/wp-content\/uploads\/2020\/08\/haus_bearb2-2048x1463.jpg 2048w, https:\/\/www.weingutsommer.at\/wp-content\/uploads\/2020\/08\/haus_bearb2-84x60.jpg 84w\" sizes=\"(max-width: 1024px) 100vw, 1024px\" \/><\/figure><\/div><\/div>\n\n\n\n<div class=\"wp-block-column is-vertically-aligned-center is-layout-flow wp-block-column-is-layout-flow\" style=\"flex-basis:33.33%\">\n<h4 class=\"wp-block-heading has-text-align-center\">Adresse<\/h4>\n\n\n\n<p class=\"has-text-align-center\">Hauptstra\u00dfe 107<br>7072 M\u00f6rbisch am See<\/p>\n\n\n\n<h4 class=\"wp-block-heading has-text-align-center\">Telefon<\/h4>\n\n\n\n<p class=\"has-text-align-center\">+43 2685 8269<\/p>\n\n\n\n<h4 class=\"wp-block-heading has-text-align-center\">Email<\/h4>\n\n\n\n<p class=\"has-text-align-center\">office@weingutsommer.at<\/p>\n<\/div>\n<\/div>\n\n\n\n<h3 class=\"wp-block-heading\">Anfahrt<\/h3>\n\n\n\n<p><strong>Von Wien<\/strong>&nbsp;\u00fcber die A2 Richtung Graz, bei Abfahrt Neusiedler See auf die A3, Abfahrt Eisenstadt S\u00fcd bis M\u00f6rbisch (ca. 60 km).<\/p>\n\n\n\n<p><strong>Von Graz<\/strong>&nbsp;\u00fcber die A2 Richtung Wien, Abfahrt Wr. Neustadt, \u00fcber die S4 und S31 Richtung Eisenstadt, Abfahrt Eisenstadt S\u00fcd bis M\u00f6rbisch.<\/p>\n\n\n\n<p>In M\u00f6rbisch gerade die Ruster Stra\u00dfe und dann die Hauptstra\u00dfe entlang. Bei der Gabelung Hauptstra\u00dfe &#8211; Friedhofgasse finden Sie das Weingut Sommer an der linken Seite.<\/p>\n","protected":false},"excerpt":{"rendered":"<p>Adresse Hauptstra\u00dfe 1077072 M\u00f6rbisch am See Telefon +43 2685 8269 Email office@weingutsommer.at Anfahrt Von Wien&nbsp;\u00fcber die A2 Richtung Graz, bei Abfahrt Neusiedler See auf die A3, Abfahrt Eisenstadt S\u00fcd bis M\u00f6rbisch (ca. 60 km). Von Graz&nbsp;\u00fcber die A2 Richtung Wien, Abfahrt Wr. Neustadt, \u00fcber die S4 und S31 Richtung Eisenstadt, Abfahrt Eisenstadt S\u00fcd bis M\u00f6rbisch. &hellip; <\/p>\n","protected":false},"author":1,"featured_media":0,"parent":0,"menu_order":0,"comment_status":"closed","ping_status":"closed","template":"","meta":{"footnotes":""},"jetpack_sharing_enabled":true,"_links":{"self":[{"href":"https:\/\/www.weingutsommer.at\/index.php?rest_route=\/wp\/v2\/pages\/189"}],"collection":[{"href":"https:\/\/www.weingutsommer.at\/index.php?rest_route=\/wp\/v2\/pages"}],"about":[{"href":"https:\/\/www.weingutsommer.at\/index.php?rest_route=\/wp\/v2\/types\/page"}],"author":[{"embeddable":true,"href":"https:\/\/www.weingutsommer.at\/index.php?rest_route=\/wp\/v2\/users\/1"}],"replies":[{"embeddable":true,"href":"https:\/\/www.weingutsommer.at\/index.php?rest_route=%2Fwp%2Fv2%2Fcomments&post=189"}],"version-history":[{"count":6,"href":"https:\/\/www.weingutsommer.at\/index.php?rest_route=\/wp\/v2\/pages\/189\/revisions"}],"predecessor-version":[{"id":407,"href":"https:\/\/www.weingutsommer.at\/index.php?rest_route=\/wp\/v2\/pages\/189\/revisions\/407"}],"wp:attachment":[{"href":"https:\/\/www.weingutsommer.at\/index.php?rest_route=%2Fwp%2Fv2%2Fmedia&parent=189"}],"curies":[{"name":"wp","href":"https:\/\/api.w.org\/{rel}","templated":true}]}}

<div class="wp-block-columns are-vertically-aligned-center is-layout-flex wp-container-core-columns-layout-1 wp-block-columns-is-layout-flex">
<div class="wp-block-column is-vertically-aligned-center is-layout-flow wp-block-column-is-layout-flow" style="flex-basis:66.66%"><div class="wp-block-image is-style-default">
<figure class="aligncenter size-large"><img loading="lazy" decoding="async" width="1024" height="732" src="https://www.weingutsommer.at/wp-content/uploads/2020/08/haus_bearb2-1024x732.jpg" alt="" class="wp-image-102" srcset="https://www.weingutsommer.at/wp-content/uploads/2020/08/haus_bearb2-1024x732.jpg 1024w, https://www.weingutsommer.at/wp-content/uploads/2020/08/haus_bearb2-scaled-300x214.jpg 300w, https://www.weingutsommer.at/wp-content/uploads/2020/08/haus_bearb2-768x549.jpg 768w, https://www.weingutsommer.at/wp-content/uploads/2020/08/haus_bearb2-1536x1097.jpg 1536w, https://www.weingutsommer.at/wp-content/uploads/2020/08/haus_bearb2-2048x1463.jpg 2048w, https://www.weingutsommer.at/wp-content/uploads/2020/08/haus_bearb2-84x60.jpg 84w" sizes="(max-width: 1024px) 100vw, 1024px" /></figure></div></div>



<div class="wp-block-column is-vertically-aligned-center is-layout-flow wp-block-column-is-layout-flow" style="flex-basis:33.33%">
<h4 class="wp-block-heading has-text-align-center">Adresse</h4>



<p class="has-text-align-center">Hauptstraße 107<br>7072 Mörbisch am See</p>



<h4 class="wp-block-heading has-text-align-center">Telefon</h4>



<p class="has-text-align-center">+43 2685 8269</p>



<h4 class="wp-block-heading has-text-align-center">Email</h4>



<p class="has-text-align-center">office@weingutsommer.at</p>
</div>
</div>



<h3 class="wp-block-heading">Anfahrt</h3>



<p><strong>Von Wien</strong>&nbsp;über die A2 Richtung Graz, bei Abfahrt Neusiedler See auf die A3, Abfahrt Eisenstadt Süd bis Mörbisch (ca. 60 km).</p>



<p><strong>Von Graz</strong>&nbsp;über die A2 Richtung Wien, Abfahrt Wr. Neustadt, über die S4 und S31 Richtung Eisenstadt, Abfahrt Eisenstadt Süd bis Mörbisch.</p>



<p>In Mörbisch gerade die Ruster Straße und dann die Hauptstraße entlang. Bei der Gabelung Hauptstraße &#8211; Friedhofgasse finden Sie das Weingut Sommer an der linken Seite.</p>

<p>Adresse Hauptstraße 1077072 Mörbisch am See Telefon +43 2685 8269 Email office@weingutsommer.at Anfahrt Von Wien&nbsp;über die A2 Richtung Graz, bei Abfahrt Neusiedler See auf die A3, Abfahrt Eisenstadt Süd bis Mörbisch (ca. 60 km). Von Graz&nbsp;über die A2 Richtung Wien, Abfahrt Wr. Neustadt, über die S4 und S31 Richtung Eisenstadt, Abfahrt Eisenstadt Süd bis Mörbisch. &hellip; </p>
